rs of 6320.
2, 5, 79
List the prime factors of 1596.
2, 3, 7, 19
What are the prime factors of 64217?
64217
What are the prime factors of 66465?
3, 5, 7, 211
List the prime factors of 831.
3, 277
What are the prime factors of 771?
3, 257
List the prime factors of 7824.
2, 3, 163
What are the prime factors of 232?
2, 29
What are the prime factors of 469?
7, 67
List the prime factors of 2700.
2, 3, 5
List the prime factors of 37135.
5, 7, 1061
List the prime factors of 1500.
2, 3, 5
What are the prime factors of 3513?
3, 1171
What are the prime factors of 1399?
1399
What are the prime factors of 558?
2, 3, 31
What are the prime factors of 70866?
2, 3, 31, 127
What are the prime factors of 12885?
3, 5, 859
List the prime factors of 4603.
4603
List the prime factors of 574.
2, 7, 41
What are the prime factors of 786?
2, 3, 131
List the prime factors of 40227.
3, 11, 23, 53
What are the prime factors of 14140?
2, 5, 7, 101
What are the prime factors of 63649?
63649
List the prime factors of 7879.
7879
What are the prime factors of 143430?
2, 3, 5, 7, 683
What are the prime factors of 2274?
2, 3, 379
What are the prime factors of 82323?
3, 3049
List the prime factors of 1780.
2, 5, 89
What are the prime factors of 6384?
2, 3, 7, 19
What are the prime factors of 2556?
2, 3, 71
What are the prime factors of 116?
2, 29
List the prime factors of 1252.
2, 313
List the prime factors of 1872.
2, 3, 13
List the prime factors of 12476.
2, 3119
What are the prime factors of 2295?
3, 5, 17
What are the prime factors of 9541?
7, 29, 47
List the prime factors of 3915.
3, 5, 29
What are the prime factors of 6311?
6311
List the prime factors of 231.
3, 7, 11
List the prime factors of 12819.
3, 4273
List the prime factors of 310.
2, 5, 31
List the prime factors of 5596.
2, 1399
List the prime factors of 17.
17
List the prime factors of 83645.
5, 16729
List the prime factors of 580.
2, 5, 29
What are the prime factors of 3039?
3, 1013
What are the prime factors of 105413?
7, 11, 37
List the prime factors of 451.
11, 41
What are the prime factors of 130?
2, 5, 13
List the prime factors of 55594.
2, 7, 11, 19
List the prime factors of 2809.
53
List the prime factors of 8869.
7, 181
List the prime factors of 34531.
7, 4933
List the prime factors of 8061.
3, 2687
List the prime factors of 44156.
2, 7, 19, 83
What are the prime factors of 8968?
2, 19, 59
What are the prime factors of 982?
2, 491
What are the prime factors of 128045?
5, 25609
What are the prime factors of 1636?
2, 409
What are the prime factors of 36212?
2, 11, 823
What are the prime factors of 13620?
2, 3, 5, 227
What are the prime factors of 18370?
2, 5, 11, 167
What are the prime factors of 3258?
2, 3, 181
What are the prime factors of 38471?
17, 31, 73
What are the prime factors of 1959?
3, 653
What are the prime factors of 1061?
1061
What are the prime factors of 4556?
2, 17, 67
What are the prime factors of 27784?
2, 23, 151
What are the prime factors of 13443?
3, 4481
What are the prime factors of 1042?
2, 521
List the prime factors of 796.
2, 199
List the prime factors of 13998.
2, 3, 2333
List the prime factors of 7157.
17, 421
What are the prime factors of 25503?
3, 8501
List the prime factors of 3084.
2, 3, 257
List the prime factors of 71894.
2, 103, 349
What are the prime factors of 3747?
3, 1249
List the prime factors of 1039.
1039
List the prime factors of 4219.
4219
What are the prime factors of 5306?
2, 7, 379
List the prime factors of 39780.
2, 3, 5, 13, 17
What are the prime factors of 17367?
3, 7, 827
What are the prime factors of 11519?
11519
List the prime factors of 2025.
3, 5
List the prime factors of 6299.
6299
List the prime factors of 19011.
3, 6337
What are the prime factors of 549?
3, 61
What are the prime factors of 2392?
2, 13, 23
What are the prime factors of 1322?
2, 661
What are the prime factors of 459?
3, 17
What are the prime factors of 830?
2, 5, 83
What are the prime factors of 7598?
2, 29, 131
List the prime factors of 152.
2, 19
List the prime factors of 37065.
3, 5, 7, 353
What are the prime factors of 863?
863
List the prime factors of 2639.
7, 13, 29
List the prime factors of 53939.
53939
What are the prime factors of 1024?
2
List the prime factors of 565.
5, 113
List the prime factors of 18722.
2, 11, 23, 37
What are the prime factors of 89493?
3, 23, 1297
List the prime factors of 2040.
2, 3, 5, 17
What are the prime factors of 4485?
3, 5, 13, 23
List the prime factors of 84858.
2, 3, 14143
List the prime factors of 11789.
11789
List the prime factors of 8071.
7, 1153
What are the prime factors of 103072?
2, 3221
List the prime factors of 11691.
3, 433
What are the prime factors of 602?
2, 7, 43
What are the prime factors of 2182?
2, 1091
List the prime factors of 16604.
2, 7, 593
List the prime factors of 83804.
2, 7, 41, 73
List the prime factors of 373.
373
List the prime factors of 19382.
2, 11, 881
List the prime factors of 2691.
3, 13, 23
What are the prime factors of 3194?
2, 1597
List the prime factors of 35220.
2, 3, 5, 587
List the prime factors of 5771.
29, 199
List the prime factors of 3841.
23, 167
What are the prime factors of 2867?
47, 61
What are the prime factors of 287?
7, 41
What are the prime factors of 2137?
2137
What are the prime factors of 8168?
2, 1021
What are the prime factors of 60225?
3, 5, 11, 73
List the prime factors of 1357.
23, 59
List the prime factors of 5106.
2, 3, 23, 37
List the prime factors of 9533.
9533
What are the prime factors of 4289?
4289
What are the prime factors of 57406?
2, 28703
List the prime factors of 568.
2, 71
What are the prime factors of 5389?
17, 317
What are the prime factors of 613?
613
List the prime factors of 1287.
3, 11, 13
List the prime factors of 20989.
139, 151
List the prime factors of 118739.
118739
What are the prime factors of 5194?
2, 7, 53
What are the prime factors of 4850?
2, 5, 97
List the prime factors of 39401.
31, 41
What are the prime factors of 942?
2, 3, 157
What are the prime factors of 3436?
2, 859
What are the prime factors of 12974?
2, 13, 499
List the prime factors of 61605.
3, 5, 37
List the prime factors of 17844.
2, 3, 1487
What are the prime factors of 14761?
29, 509
List the prime factors of 19344.
2, 3, 13, 31
List the prime factors of 2378.
2, 29, 41
What are the prime factors of 99655?
5, 19, 1049
What are the prime factors of 1749?
3, 11, 53
What are the prime factors of 16972?
2, 4243
What are the prime factors of 1147?
31, 37
What are the prime factors of 27975?
3, 5, 373
List the prime factors of 1079.
13, 83
What are the prime factors of 3320?
2, 5, 83
List the prime factors of 7513.
11, 683
What are the prime factors of 1774?
2, 887
What are the prime factors of 902?
2, 11, 41
What are the prime factors of 2706?
2, 3, 11, 41
List the prime factors of 37464.
2, 3, 7, 223
List the prime factors of 11307.
3, 3769
What are the prime factors of 8422?
2, 4211
What are the prime factors of 280?
2, 5, 7
List the prime factors of 331.
331
List the prime factors of 40374.
2, 3, 2243
What are the prime factors of 1673?
7, 239
List the prime factors of 319.
11, 29
List the prime factors of 4685.
5, 937
What are the prime factors of 1374?
2, 3, 229
List the prime factors of 15312.
2, 3, 11, 29
List the prime factors of 25207.
7, 13, 277
List the prime factors of 6904.
2, 863
What are the prime factors of 74097?
3, 8233
What are the prime factors of 439?
439
What are the prime factors of 14250?
2, 3, 5, 19
What are the prime factors of 2074?
2, 17, 61
What are the prime factors of 29338?
2, 14669
List the prime factors of 870.
2, 3, 5, 29
What are the prime factors of 956?
2, 239
List the prime factors of 16420.
2, 5, 821
List the prime factors of 1226.
2, 613
List the prime factors of 8828.
2, 2207
What are the prime factors of 2054?
2, 13, 79
What are the prime factors of 2251?
2251
List the prime factors of 6944.
2, 7, 31
What are the prime factors of 8847?
3, 983
List the prime factors of 3496.
2, 19, 23
What are the prime factors of 22924?
2, 11, 521
What are the prime factors of 660?
2, 3, 5, 11
What are the prime factors of 665?
5, 7, 19
What are the prime factors of 939?
3, 313
List the prime factors of 74171.
17, 4363
List the prime factors of 3179.
11, 17
W